{"id":3120,"date":"2025-10-22T09:39:18","date_gmt":"2025-10-22T12:39:18","guid":{"rendered":"https:\/\/vcm.ulagos.cl\/extension\/?page_id=3120"},"modified":"2026-01-29T16:01:03","modified_gmt":"2026-01-29T19:01:03","slug":"descripcion","status":"publish","type":"page","link":"https:\/\/vcm.ulagos.cl\/extension\/academiadearteycultura\/descripcion\/","title":{"rendered":"Quienes somos"},"content":{"rendered":"<p>La Academia de Arte y Cultura es una unidad cuyo fin es cultivar y desarrollar el arte en sus distintas expresiones, acerc\u00e1ndolo tanto a la comunidad universitaria como al medio social en que se inserta, y tambi\u00e9n para velar por la excelencia y calidad de la extensi\u00f3n art\u00edstico-cultural que realiza la Universidad para vincularse con el medio.<\/p>\n<p>La Academia de Arte y Cultura coordina al Coro institucional, a la Orquesta Juvenil ULagos y el Ensamble de profesores, cuyo repertorio es de ra\u00edz de m\u00fasica latinoamericana. A su vez, la Academia imparte talleres y coordina el Cine Club ULagos.<\/p>\n<p>&nbsp;<\/p>\n<h1><strong>Equipo Academia de Arte y Cultura<\/strong><\/h1>\n<div class=\"row align-tems-center\" style=\"margin-bottom: 80px;\">\n<div class=\"col-xs-6 texto_footer_sub\">\n<div class=\"col-xs-5\" style=\"width: 150px;\"><img decoding=\"async\" style=\"width: 100%; height: 100%;\" src=\"https:\/\/vcm.ulagos.cl\/extension\/wp-content\/uploads\/2025\/12\/Gladys-Moreno-Schmidt150.jpg\" \/><\/div>\n<div class=\"col-xs-7 text-team-sub\" style=\"padding-left: 0px;\"><span class=\"titulo\">Gladys Moreno Schmidt <\/span><br \/>\n<span class=\"contenido\">Encargada Academia de Arte y Cultura<\/span><br \/>\n<span class=\"footer\"><br \/>\n<a href=\"mailto:gmoreno@ulagos.cl\">gmoreno@ulagos.cl<\/a><\/span><\/div>\n<\/div>\n<\/div>\n<div class=\"row align-tems-center\" style=\"margin-bottom: 80px;\">\n<div class=\"col-xs-6 texto_footer_sub\">\n<div class=\"col-xs-5\" style=\"width: 150px;\"><img decoding=\"async\" style=\"width: 100%; height: 100%;\" src=\"https:\/\/vcm.ulagos.cl\/extension\/wp-content\/uploads\/2025\/11\/Diego-Gerter150.jpg\" \/><\/div>\n<div class=\"col-xs-7 text-team-sub\" style=\"padding-left: 0px;\"><span class=\"titulo\">Diego Gerter Rojas<\/span><br \/>\n<span class=\"contenido\">Gestor Cultural Campus Osorno<\/span><br \/>\n<span class=\"footer\"><br \/>\n<a href=\"mailto:diego.gerter@ulagos.cl\">diego.gerter@ulagos.cl<\/a><\/span><\/div>\n<\/div>\n<\/div>\n<div class=\"row align-tems-center\" style=\"margin-bottom: 80px;\">\n<div class=\"col-xs-6 texto_footer_sub\">\n<div class=\"col-xs-5\" style=\"width: 150px;\"><img decoding=\"async\" style=\"width: 100%; height: 100%;\" src=\"https:\/\/vcm.ulagos.cl\/extension\/wp-content\/uploads\/2025\/11\/Patricia-Momberg150.jpg\" \/><\/div>\n<div class=\"col-xs-7 text-team-sub\" style=\"padding: 0px;\"><span class=\"titulo\">Patricia Momberg Pe\u00f1a<\/span><br \/>\n<span class=\"contenido\">Secretaria<\/span><br \/>\n<span class=\"footer\"><br \/>\n<a href=\"mailto:patricia.momberg@ulagos.cl\">patricia.momberg@ulagos.cl<\/a><\/span><\/div>\n<\/div>\n<\/div>\n<div class=\"row align-tems-center\" style=\"margin-bottom: 80px;\">\n<div class=\"col-xs-6 texto_footer_sub\">\n<div class=\"col-xs-5\" style=\"width: 150px;\"><img decoding=\"async\" style=\"width: 100%; height: 100%;\" src=\"https:\/\/vcm.ulagos.cl\/extension\/wp-content\/uploads\/2025\/11\/Julio-Cardenas150.jpg\" \/><\/div>\n<div class=\"col-xs-7 text-team-sub\" style=\"padding: 0px;\"><span class=\"titulo\">Julio Cardenas Ampuero<\/span><br \/>\n<span class=\"contenido\">Coordinador de elencos<\/span><br \/>\n<span class=\"footer\"><br \/>\n<a href=\"mailto:julio.cardenas@ulagos.cl\">julio.cardenas@ulagos.cl<\/a><\/span><\/div>\n<\/div>\n<\/div>\n","protected":false},"excerpt":{"rendered":"<p>La Academia de Arte y Cultura es una unidad cuyo fin es cultivar y desarrollar el arte en sus distintas expresiones, acerc\u00e1ndolo tanto a la comunidad universitaria como al medio social en que se inserta, y tambi\u00e9n para velar por la excelencia y calidad de la extensi\u00f3n art\u00edstico-cultural que realiza la Universidad para vincularse con [&hellip;]<\/p>\n","protected":false},"author":3,"featured_media":0,"parent":324,"menu_order":0,"comment_status":"closed","ping_status":"closed","template":"template_menu_horizontal_sintitulo Banner Hijo.php","meta":{"footnotes":""},"class_list":["post-3120","page","type-page","status-publish","hentry"],"_links":{"self":[{"href":"https:\/\/vcm.ulagos.cl\/extension\/wp-json\/wp\/v2\/pages\/3120","targetHints":{"allow":["GET"]}}],"collection":[{"href":"https:\/\/vcm.ulagos.cl\/extension\/wp-json\/wp\/v2\/pages"}],"about":[{"href":"https:\/\/vcm.ulagos.cl\/extension\/wp-json\/wp\/v2\/types\/page"}],"author":[{"embeddable":true,"href":"https:\/\/vcm.ulagos.cl\/extension\/wp-json\/wp\/v2\/users\/3"}],"replies":[{"embeddable":true,"href":"https:\/\/vcm.ulagos.cl\/extension\/wp-json\/wp\/v2\/comments?post=3120"}],"version-history":[{"count":16,"href":"https:\/\/vcm.ulagos.cl\/extension\/wp-json\/wp\/v2\/pages\/3120\/revisions"}],"predecessor-version":[{"id":3394,"href":"https:\/\/vcm.ulagos.cl\/extension\/wp-json\/wp\/v2\/pages\/3120\/revisions\/3394"}],"up":[{"embeddable":true,"href":"https:\/\/vcm.ulagos.cl\/extension\/wp-json\/wp\/v2\/pages\/324"}],"wp:attachment":[{"href":"https:\/\/vcm.ulagos.cl\/extension\/wp-json\/wp\/v2\/media?parent=3120"}],"curies":[{"name":"wp","href":"https:\/\/api.w.org\/{rel}","templated":true}]}}